{"id":30958,"date":"2025-01-22T11:11:01","date_gmt":"2025-01-22T14:11:01","guid":{"rendered":"https:\/\/pecorari-cloudbr54.pecoraricloud.com.br\/~boselli\/site\/?page_id=30958"},"modified":"2025-02-17T09:33:18","modified_gmt":"2025-02-17T12:33:18","slug":"sobre-nos","status":"publish","type":"page","link":"https:\/\/boselli.com.br\/site\/sobre-nos\/","title":{"rendered":"Sobre N\u00f3s"},"content":{"rendered":"\t\t<div data-elementor-type=\"wp-page\" data-elementor-id=\"30958\" class=\"elementor elementor-30958\" data-elementor-post-type=\"page\">\n\t\t\t\t<div class=\"elementor-element elementor-element-897f9bc e-flex e-con-boxed e-con e-parent\" data-id=\"897f9bc\" data-element_type=\"container\" data-settings=\"{&quot;background_background&quot;:&quot;classic&quot;}\">\n\t\t\t\t\t<div class=\"e-con-inner\">\n\t\t<div class=\"elementor-element elementor-element-4b42cfb e-flex e-con-boxed e-con e-child\" data-id=\"4b42cfb\" data-element_type=\"container\">\n\t\t\t\t\t<div class=\"e-con-inner\">\n\t\t\t\t\t<\/div>\n\t\t\t\t<\/div>\n\t\t\t\t\t<\/div>\n\t\t\t\t<\/div>\n\t\t<div class=\"elementor-element elementor-element-4b62e23 e-flex e-con-boxed e-con e-parent\" data-id=\"4b62e23\" data-element_type=\"container\">\n\t\t\t\t\t<div class=\"e-con-inner\">\n\t\t<div class=\"elementor-element elementor-element-65e795c e-grid e-con-boxed e-con e-child\" data-id=\"65e795c\" data-element_type=\"container\">\n\t\t\t\t\t<div class=\"e-con-inner\">\n\t\t<div class=\"elementor-element elementor-element-99de718 e-con-full animated-slow e-flex elementor-invisible e-con e-child\" data-id=\"99de718\" data-element_type=\"container\" data-settings=\"{&quot;background_background&quot;:&quot;classic&quot;,&quot;animation&quot;:&quot;fadeIn&quot;}\">\n\t\t\t\t<div class=\"elementor-element elementor-element-06938a6 elementor-view-stacked elementor-shape-circle elementor-position-top elementor-mobile-position-top elementor-widget elementor-widget-icon-box\" data-id=\"06938a6\" data-element_type=\"widget\" data-widget_type=\"icon-box.default\">\n\t\t\t\t<div class=\"elementor-widget-container\">\n\t\t\t\t\t\t\t<div class=\"elementor-icon-box-wrapper\">\n\n\t\t\t\t\t\t<div class=\"elementor-icon-box-icon\">\n\t\t\t\t<span  class=\"elementor-icon\">\n\t\t\t\t<i aria-hidden=\"true\" class=\"icon icon-star1\"><\/i>\t\t\t\t<\/span>\n\t\t\t<\/div>\n\t\t\t\n\t\t\t\t\t\t<div class=\"elementor-icon-box-content\">\n\n\t\t\t\t\t\t\t\t\t<div class=\"elementor-icon-box-title\">\n\t\t\t\t\t\t<span  >\n\t\t\t\t\t\t\tExpertise\t\t\t\t\t\t<\/span>\n\t\t\t\t\t<\/div>\n\t\t\t\t\n\t\t\t\t\t\t\t\t\t<p class=\"elementor-icon-box-description\">\n\t\t\t\t\t\tMais de 30 anos de experi\u00eancia\t\t\t\t\t<\/p>\n\t\t\t\t\n\t\t\t<\/div>\n\t\t\t\n\t\t<\/div>\n\t\t\t\t\t\t<\/div>\n\t\t\t\t<\/div>\n\t\t\t\t<\/div>\n\t\t<div class=\"elementor-element elementor-element-f006edb e-con-full animated-slow e-flex elementor-invisible e-con e-child\" data-id=\"f006edb\" data-element_type=\"container\" data-settings=\"{&quot;background_background&quot;:&quot;classic&quot;,&quot;animation&quot;:&quot;fadeIn&quot;,&quot;animation_delay&quot;:100}\">\n\t\t\t\t<div class=\"elementor-element elementor-element-adfc5c7 elementor-view-stacked elementor-shape-circle elementor-position-top elementor-mobile-position-top elementor-widget elementor-widget-icon-box\" data-id=\"adfc5c7\" data-element_type=\"widget\" data-widget_type=\"icon-box.default\">\n\t\t\t\t<div class=\"elementor-widget-container\">\n\t\t\t\t\t\t\t<div class=\"elementor-icon-box-wrapper\">\n\n\t\t\t\t\t\t<div class=\"elementor-icon-box-icon\">\n\t\t\t\t<span  class=\"elementor-icon\">\n\t\t\t\t<i aria-hidden=\"true\" class=\"icon icon-diamond1\"><\/i>\t\t\t\t<\/span>\n\t\t\t<\/div>\n\t\t\t\n\t\t\t\t\t\t<div class=\"elementor-icon-box-content\">\n\n\t\t\t\t\t\t\t\t\t<div class=\"elementor-icon-box-title\">\n\t\t\t\t\t\t<span  >\n\t\t\t\t\t\t\tDestaque\t\t\t\t\t\t<\/span>\n\t\t\t\t\t<\/div>\n\t\t\t\t\n\t\t\t\t\t\t\t\t\t<p class=\"elementor-icon-box-description\">\n\t\t\t\t\t\tTrabalhos desenvolvidos com \u00e9tica, seriedade e compet\u00eancia\t\t\t\t\t<\/p>\n\t\t\t\t\n\t\t\t<\/div>\n\t\t\t\n\t\t<\/div>\n\t\t\t\t\t\t<\/div>\n\t\t\t\t<\/div>\n\t\t\t\t<\/div>\n\t\t<div class=\"elementor-element elementor-element-ca21c4a e-con-full animated-slow e-flex elementor-invisible e-con e-child\" data-id=\"ca21c4a\" data-element_type=\"container\" data-settings=\"{&quot;background_background&quot;:&quot;classic&quot;,&quot;animation&quot;:&quot;fadeIn&quot;,&quot;animation_delay&quot;:200}\">\n\t\t\t\t<div class=\"elementor-element elementor-element-f583347 elementor-view-stacked elementor-shape-circle elementor-position-top elementor-mobile-position-top elementor-widget elementor-widget-icon-box\" data-id=\"f583347\" data-element_type=\"widget\" data-widget_type=\"icon-box.default\">\n\t\t\t\t<div class=\"elementor-widget-container\">\n\t\t\t\t\t\t\t<div class=\"elementor-icon-box-wrapper\">\n\n\t\t\t\t\t\t<div class=\"elementor-icon-box-icon\">\n\t\t\t\t<span  class=\"elementor-icon\">\n\t\t\t\t<i aria-hidden=\"true\" class=\"icon icon-contract\"><\/i>\t\t\t\t<\/span>\n\t\t\t<\/div>\n\t\t\t\n\t\t\t\t\t\t<div class=\"elementor-icon-box-content\">\n\n\t\t\t\t\t\t\t\t\t<div class=\"elementor-icon-box-title\">\n\t\t\t\t\t\t<span  >\n\t\t\t\t\t\t\tAtualiza\u00e7\u00e3o\t\t\t\t\t\t<\/span>\n\t\t\t\t\t<\/div>\n\t\t\t\t\n\t\t\t\t\t\t\t\t\t<p class=\"elementor-icon-box-description\">\n\t\t\t\t\t\tAtendimento de alto-padr\u00e3o t\u00e9cnico\t\t\t\t\t<\/p>\n\t\t\t\t\n\t\t\t<\/div>\n\t\t\t\n\t\t<\/div>\n\t\t\t\t\t\t<\/div>\n\t\t\t\t<\/div>\n\t\t\t\t<\/div>\n\t\t\t\t\t<\/div>\n\t\t\t\t<\/div>\n\t\t\t\t\t<\/div>\n\t\t\t\t<\/div>\n\t\t<div class=\"elementor-element elementor-element-8e7c447 e-flex e-con-boxed e-con e-parent\" data-id=\"8e7c447\" data-element_type=\"container\" data-settings=\"{&quot;background_background&quot;:&quot;classic&quot;}\">\n\t\t\t\t\t<div class=\"e-con-inner\">\n\t\t\t\t<div class=\"elementor-element elementor-element-2ad687d elementor-invisible elementor-widget elementor-widget-heading\" data-id=\"2ad687d\" data-element_type=\"widget\" data-settings=\"{&quot;_animation&quot;:&quot;fadeInDown&quot;}\" data-widget_type=\"heading.default\">\n\t\t\t\t<div class=\"elementor-widget-container\">\n\t\t\t\t\t<h1 class=\"elementor-heading-title elementor-size-default\">Boselli Licita\u00e7\u00f5es<\/h1>\t\t\t\t<\/div>\n\t\t\t\t<\/div>\n\t\t\t\t<div class=\"elementor-element elementor-element-783264f elementor-widget elementor-widget-text-editor\" data-id=\"783264f\" data-element_type=\"widget\" data-widget_type=\"text-editor.default\">\n\t\t\t\t<div class=\"elementor-widget-container\">\n\t\t\t\t\t\t\t\t\t<p>Desde 1993, ajudamos empresas privadas e \u00f3rg\u00e3os p\u00fablicos a atuar com seguran\u00e7a pelo universo das licita\u00e7\u00f5es e contratos administrativos. Nossa hist\u00f3ria foi baseada na experi\u00eancia do professor Paulo Boselli, que identificou a oportunidade de apoiar com sua expertise as empresas brasileiras na conquista de contratos com a Administra\u00e7\u00e3o P\u00fablica \u00e0 \u00e9poca da regulamenta\u00e7\u00e3o da Lei n\u00ba 8.666\/93.<\/p><p>Ao longo dos anos, conquistamos reconhecimento nacional e crescemos, expandimos nossa atua\u00e7\u00e3o por todo o territ\u00f3rio brasileiro. Nosso compromisso com a \u00e9tica, a seriedade com que trabalhamos e a compet\u00eancia de nossa equipe nos mant\u00eam como uma das principais consultorias do pa\u00eds.<\/p><p>Reunimos consultores altamente especializados e em constante atualiza\u00e7\u00e3o, garantindo um atendimento de alto padr\u00e3o t\u00e9cnico e solu\u00e7\u00f5es eficazes sob medida para os desafios das licita\u00e7\u00f5es, com destaque para os setores de infraestrutura e servi\u00e7os, entre outros.<\/p><p>A confian\u00e7a dos nossos clientes nos fortalece e nos impulsiona a seguir oferecendo suporte estrat\u00e9gico para alcan\u00e7ar os melhores resultados sempre.<\/p>\t\t\t\t\t\t\t\t<\/div>\n\t\t\t\t<\/div>\n\t\t\t\t\t<\/div>\n\t\t\t\t<\/div>\n\t\t<div class=\"elementor-element elementor-element-f9c8598 e-flex e-con-boxed e-con e-parent\" data-id=\"f9c8598\" data-element_type=\"container\" data-settings=\"{&quot;background_background&quot;:&quot;classic&quot;}\">\n\t\t\t\t\t<div class=\"e-con-inner\">\n\t\t\t\t<div class=\"elementor-element elementor-element-4139e0e elementor-invisible elementor-widget elementor-widget-heading\" data-id=\"4139e0e\" data-element_type=\"widget\" data-settings=\"{&quot;_animation&quot;:&quot;fadeInDown&quot;}\" data-widget_type=\"heading.default\">\n\t\t\t\t<div class=\"elementor-widget-container\">\n\t\t\t\t\t<h4 class=\"elementor-heading-title elementor-size-default\">Servi\u00e7os de consultoria e treinamento desde 1993<\/h4>\t\t\t\t<\/div>\n\t\t\t\t<\/div>\n\t\t\t\t\t<\/div>\n\t\t\t\t<\/div>\n\t\t<div class=\"elementor-element elementor-element-49f503b e-flex e-con-boxed e-con e-parent\" data-id=\"49f503b\" data-element_type=\"container\" data-settings=\"{&quot;background_background&quot;:&quot;classic&quot;}\">\n\t\t\t\t\t<div class=\"e-con-inner\">\n\t\t\t\t<div class=\"elementor-element elementor-element-1219955 elementor-invisible elementor-widget elementor-widget-heading\" data-id=\"1219955\" data-element_type=\"widget\" data-settings=\"{&quot;_animation&quot;:&quot;fadeIn&quot;}\" data-widget_type=\"heading.default\">\n\t\t\t\t<div class=\"elementor-widget-container\">\n\t\t\t\t\t<h2 class=\"elementor-heading-title elementor-size-default\">Os S\u00f3cios<\/h2>\t\t\t\t<\/div>\n\t\t\t\t<\/div>\n\t\t\t\t\t<\/div>\n\t\t\t\t<\/div>\n\t\t<div class=\"elementor-element elementor-element-72ffc88 e-flex e-con-boxed e-con e-parent\" data-id=\"72ffc88\" data-element_type=\"container\" data-settings=\"{&quot;background_background&quot;:&quot;classic&quot;}\">\n\t\t\t\t\t<div class=\"e-con-inner\">\n\t\t<div class=\"elementor-element elementor-element-cfa843b e-con-full e-flex elementor-invisible e-con e-child\" data-id=\"cfa843b\" data-element_type=\"container\" data-settings=\"{&quot;background_background&quot;:&quot;classic&quot;,&quot;animation&quot;:&quot;fadeIn&quot;}\">\n\t\t\t\t<div class=\"elementor-element elementor-element-aa956e2 elementor-widget elementor-widget-image\" data-id=\"aa956e2\" data-element_type=\"widget\" data-widget_type=\"image.default\">\n\t\t\t\t<div class=\"elementor-widget-container\">\n\t\t\t\t\t\t\t\t\t\t\t\t\t\t\t\t<a href=\"https:\/\/boselli.com.br\/socio-paulo-boselli\/\">\n\t\t\t\t\t\t\t<img fetchpriority=\"high\" decoding=\"async\" width=\"900\" height=\"900\" src=\"https:\/\/boselli.com.br\/site\/wp-content\/uploads\/2025\/01\/paulo-boselli-advogado-licitacao.png.jpg\" class=\"attachment-full size-full wp-image-32235\" alt=\"\" srcset=\"https:\/\/boselli.com.br\/site\/wp-content\/uploads\/2025\/01\/paulo-boselli-advogado-licitacao.png.jpg 900w, https:\/\/boselli.com.br\/site\/wp-content\/uploads\/2025\/01\/paulo-boselli-advogado-licitacao.png-300x300.jpg 300w, https:\/\/boselli.com.br\/site\/wp-content\/uploads\/2025\/01\/paulo-boselli-advogado-licitacao.png-150x150.jpg 150w, https:\/\/boselli.com.br\/site\/wp-content\/uploads\/2025\/01\/paulo-boselli-advogado-licitacao.png-768x768.jpg 768w\" sizes=\"(max-width: 900px) 100vw, 900px\" \/>\t\t\t\t\t\t\t\t<\/a>\n\t\t\t\t\t\t\t\t\t\t\t\t\t\t\t<\/div>\n\t\t\t\t<\/div>\n\t\t\t\t<div class=\"elementor-element elementor-element-cb905c9 elementor-widget elementor-widget-text-editor\" data-id=\"cb905c9\" data-element_type=\"widget\" data-widget_type=\"text-editor.default\">\n\t\t\t\t<div class=\"elementor-widget-container\">\n\t\t\t\t\t\t\t\t\t<p><a href=\"https:\/\/boselli.com.br\/socio-paulo-boselli\/\">Paulo Boselli<\/a><\/p>\t\t\t\t\t\t\t\t<\/div>\n\t\t\t\t<\/div>\n\t\t\t\t<\/div>\n\t\t<div class=\"elementor-element elementor-element-476e41c e-con-full e-flex elementor-invisible e-con e-child\" data-id=\"476e41c\" data-element_type=\"container\" data-settings=\"{&quot;background_background&quot;:&quot;classic&quot;,&quot;animation&quot;:&quot;fadeIn&quot;,&quot;animation_delay&quot;:100}\">\n\t\t\t\t<div class=\"elementor-element elementor-element-cc6d0d7 elementor-widget elementor-widget-image\" data-id=\"cc6d0d7\" data-element_type=\"widget\" data-widget_type=\"image.default\">\n\t\t\t\t<div class=\"elementor-widget-container\">\n\t\t\t\t\t\t\t\t\t\t\t\t\t\t\t\t<a href=\"https:\/\/boselli.com.br\/socia-elaine-boselli\/\">\n\t\t\t\t\t\t\t<img decoding=\"async\" width=\"900\" height=\"900\" src=\"https:\/\/boselli.com.br\/site\/wp-content\/uploads\/2025\/01\/elaine-boselli-advogado-licitacao.jpg\" class=\"attachment-full size-full wp-image-32236\" alt=\"\" srcset=\"https:\/\/boselli.com.br\/site\/wp-content\/uploads\/2025\/01\/elaine-boselli-advogado-licitacao.jpg 900w, https:\/\/boselli.com.br\/site\/wp-content\/uploads\/2025\/01\/elaine-boselli-advogado-licitacao-300x300.jpg 300w, https:\/\/boselli.com.br\/site\/wp-content\/uploads\/2025\/01\/elaine-boselli-advogado-licitacao-150x150.jpg 150w, https:\/\/boselli.com.br\/site\/wp-content\/uploads\/2025\/01\/elaine-boselli-advogado-licitacao-768x768.jpg 768w\" sizes=\"(max-width: 900px) 100vw, 900px\" \/>\t\t\t\t\t\t\t\t<\/a>\n\t\t\t\t\t\t\t\t\t\t\t\t\t\t\t<\/div>\n\t\t\t\t<\/div>\n\t\t\t\t<div class=\"elementor-element elementor-element-0678b31 elementor-widget elementor-widget-text-editor\" data-id=\"0678b31\" data-element_type=\"widget\" data-widget_type=\"text-editor.default\">\n\t\t\t\t<div class=\"elementor-widget-container\">\n\t\t\t\t\t\t\t\t\t<p><a href=\"https:\/\/boselli.com.br\/socia-elaine-boselli\/\">Elaine Boselli<\/a><\/p>\t\t\t\t\t\t\t\t<\/div>\n\t\t\t\t<\/div>\n\t\t\t\t<\/div>\n\t\t<div class=\"elementor-element elementor-element-1dfd6db e-con-full e-flex elementor-invisible e-con e-child\" data-id=\"1dfd6db\" data-element_type=\"container\" data-settings=\"{&quot;background_background&quot;:&quot;classic&quot;,&quot;animation&quot;:&quot;fadeIn&quot;,&quot;animation_delay&quot;:200}\">\n\t\t\t\t<div class=\"elementor-element elementor-element-147e979 elementor-widget elementor-widget-image\" data-id=\"147e979\" data-element_type=\"widget\" data-widget_type=\"image.default\">\n\t\t\t\t<div class=\"elementor-widget-container\">\n\t\t\t\t\t\t\t\t\t\t\t\t\t\t\t\t<a href=\"https:\/\/boselli.com.br\/socio-felipe-boselli\/\">\n\t\t\t\t\t\t\t<img decoding=\"async\" width=\"900\" height=\"900\" src=\"https:\/\/boselli.com.br\/site\/wp-content\/uploads\/2025\/01\/felipe-boselli-advogado-licitacao.jpg\" class=\"attachment-full size-full wp-image-32237\" alt=\"\" srcset=\"https:\/\/boselli.com.br\/site\/wp-content\/uploads\/2025\/01\/felipe-boselli-advogado-licitacao.jpg 900w, https:\/\/boselli.com.br\/site\/wp-content\/uploads\/2025\/01\/felipe-boselli-advogado-licitacao-300x300.jpg 300w, https:\/\/boselli.com.br\/site\/wp-content\/uploads\/2025\/01\/felipe-boselli-advogado-licitacao-150x150.jpg 150w, https:\/\/boselli.com.br\/site\/wp-content\/uploads\/2025\/01\/felipe-boselli-advogado-licitacao-768x768.jpg 768w\" sizes=\"(max-width: 900px) 100vw, 900px\" \/>\t\t\t\t\t\t\t\t<\/a>\n\t\t\t\t\t\t\t\t\t\t\t\t\t\t\t<\/div>\n\t\t\t\t<\/div>\n\t\t\t\t<div class=\"elementor-element elementor-element-de2ab7a elementor-widget elementor-widget-text-editor\" data-id=\"de2ab7a\" data-element_type=\"widget\" data-widget_type=\"text-editor.default\">\n\t\t\t\t<div class=\"elementor-widget-container\">\n\t\t\t\t\t\t\t\t\t<p><a href=\"https:\/\/boselli.com.br\/socio-felipe-boselli\/\">Felipe Boselli<\/a><\/p>\t\t\t\t\t\t\t\t<\/div>\n\t\t\t\t<\/div>\n\t\t\t\t<\/div>\n\t\t\t\t\t<\/div>\n\t\t\t\t<\/div>\n\t\t\t\t<\/div>\n\t\t","protected":false},"excerpt":{"rendered":"<p>Expertise Mais de 30 anos de experi\u00eancia Destaque Trabalhos desenvolvidos com \u00e9tica, seriedade e compet\u00eancia Atualiza\u00e7\u00e3o Atendimento de alto-padr\u00e3o t\u00e9cnico Boselli Licita\u00e7\u00f5es Desde 1993, ajudamos empresas privadas e \u00f3rg\u00e3os p\u00fablicos a atuar com seguran\u00e7a pelo universo das licita\u00e7\u00f5es e contratos administrativos. Nossa hist\u00f3ria foi baseada na experi\u00eancia do professor Paulo Boselli, que identificou a oportunidade [&hellip;]<\/p>\n","protected":false},"author":4,"featured_media":34334,"parent":0,"menu_order":0,"comment_status":"closed","ping_status":"closed","template":"elementor_header_footer","meta":{"footnotes":""},"categories":[],"tags":[],"class_list":["post-30958","page","type-page","status-publish","has-post-thumbnail","hentry"],"yoast_head":"<!-- This site is optimized with the Yoast SEO plugin v25.5 - https:\/\/yoast.com\/wordpress\/plugins\/seo\/ -->\n<title>Sobre N\u00f3s - Boselli Licita\u00e7\u00f5es<\/title>\n<meta name=\"robots\" content=\"index, follow, max-snippet:-1, max-image-preview:large, max-video-preview:-1\" \/>\n<link rel=\"canonical\" href=\"https:\/\/boselli.com.br\/sobre-nos\/\" \/>\n<meta property=\"og:locale\" content=\"pt_BR\" \/>\n<meta property=\"og:type\" content=\"article\" \/>\n<meta property=\"og:title\" content=\"Sobre N\u00f3s - Boselli Licita\u00e7\u00f5es\" \/>\n<meta property=\"og:description\" content=\"Expertise Mais de 30 anos de experi\u00eancia Destaque Trabalhos desenvolvidos com \u00e9tica, seriedade e compet\u00eancia Atualiza\u00e7\u00e3o Atendimento de alto-padr\u00e3o t\u00e9cnico Boselli Licita\u00e7\u00f5es Desde 1993, ajudamos empresas privadas e \u00f3rg\u00e3os p\u00fablicos a atuar com seguran\u00e7a pelo universo das licita\u00e7\u00f5es e contratos administrativos. Nossa hist\u00f3ria foi baseada na experi\u00eancia do professor Paulo Boselli, que identificou a oportunidade [&hellip;]\" \/>\n<meta property=\"og:url\" content=\"https:\/\/boselli.com.br\/sobre-nos\/\" \/>\n<meta property=\"og:site_name\" content=\"Boselli Licita\u00e7\u00f5es\" \/>\n<meta property=\"article:modified_time\" content=\"2025-02-17T12:33:18+00:00\" \/>\n<meta property=\"og:image\" content=\"https:\/\/boselli.com.br\/site\/wp-content\/uploads\/2025\/02\/felipe-boselli-paulo-boselli-elaine-boselli-boselli-consultoria-licitacao-1.jpg\" \/>\n\t<meta property=\"og:image:width\" content=\"1243\" \/>\n\t<meta property=\"og:image:height\" content=\"829\" \/>\n\t<meta property=\"og:image:type\" content=\"image\/jpeg\" \/>\n<meta name=\"twitter:card\" content=\"summary_large_image\" \/>\n<meta name=\"twitter:label1\" content=\"Est. tempo de leitura\" \/>\n\t<meta name=\"twitter:data1\" content=\"2 minutos\" \/>\n<script type=\"application\/ld+json\" class=\"yoast-schema-graph\">{\"@context\":\"https:\/\/schema.org\",\"@graph\":[{\"@type\":\"WebPage\",\"@id\":\"https:\/\/boselli.com.br\/sobre-nos\/\",\"url\":\"https:\/\/boselli.com.br\/sobre-nos\/\",\"name\":\"Sobre N\u00f3s - Boselli Licita\u00e7\u00f5es\",\"isPartOf\":{\"@id\":\"https:\/\/boselli.com.br\/#website\"},\"primaryImageOfPage\":{\"@id\":\"https:\/\/boselli.com.br\/sobre-nos\/#primaryimage\"},\"image\":{\"@id\":\"https:\/\/boselli.com.br\/sobre-nos\/#primaryimage\"},\"thumbnailUrl\":\"https:\/\/boselli.com.br\/site\/wp-content\/uploads\/2025\/02\/felipe-boselli-paulo-boselli-elaine-boselli-boselli-consultoria-licitacao-1.jpg\",\"datePublished\":\"2025-01-22T14:11:01+00:00\",\"dateModified\":\"2025-02-17T12:33:18+00:00\",\"breadcrumb\":{\"@id\":\"https:\/\/boselli.com.br\/sobre-nos\/#breadcrumb\"},\"inLanguage\":\"pt-BR\",\"potentialAction\":[{\"@type\":\"ReadAction\",\"target\":[\"https:\/\/boselli.com.br\/sobre-nos\/\"]}]},{\"@type\":\"ImageObject\",\"inLanguage\":\"pt-BR\",\"@id\":\"https:\/\/boselli.com.br\/sobre-nos\/#primaryimage\",\"url\":\"https:\/\/boselli.com.br\/site\/wp-content\/uploads\/2025\/02\/felipe-boselli-paulo-boselli-elaine-boselli-boselli-consultoria-licitacao-1.jpg\",\"contentUrl\":\"https:\/\/boselli.com.br\/site\/wp-content\/uploads\/2025\/02\/felipe-boselli-paulo-boselli-elaine-boselli-boselli-consultoria-licitacao-1.jpg\",\"width\":1243,\"height\":829},{\"@type\":\"BreadcrumbList\",\"@id\":\"https:\/\/boselli.com.br\/sobre-nos\/#breadcrumb\",\"itemListElement\":[{\"@type\":\"ListItem\",\"position\":1,\"name\":\"In\u00edcio\",\"item\":\"https:\/\/boselli.com.br\/\"},{\"@type\":\"ListItem\",\"position\":2,\"name\":\"Sobre N\u00f3s\"}]},{\"@type\":\"WebSite\",\"@id\":\"https:\/\/boselli.com.br\/#website\",\"url\":\"https:\/\/boselli.com.br\/\",\"name\":\"Boselli Licita\u00e7\u00f5es\",\"description\":\"\",\"publisher\":{\"@id\":\"https:\/\/boselli.com.br\/#organization\"},\"potentialAction\":[{\"@type\":\"SearchAction\",\"target\":{\"@type\":\"EntryPoint\",\"urlTemplate\":\"https:\/\/boselli.com.br\/?s={search_term_string}\"},\"query-input\":{\"@type\":\"PropertyValueSpecification\",\"valueRequired\":true,\"valueName\":\"search_term_string\"}}],\"inLanguage\":\"pt-BR\"},{\"@type\":\"Organization\",\"@id\":\"https:\/\/boselli.com.br\/#organization\",\"name\":\"Boselli Consultoria\",\"url\":\"https:\/\/boselli.com.br\/\",\"logo\":{\"@type\":\"ImageObject\",\"inLanguage\":\"pt-BR\",\"@id\":\"https:\/\/boselli.com.br\/#\/schema\/logo\/image\/\",\"url\":\"https:\/\/boselli.com.br\/site\/wp-content\/uploads\/2025\/01\/cropped-boselli-licitacoes-so-marca-100.png\",\"contentUrl\":\"https:\/\/boselli.com.br\/site\/wp-content\/uploads\/2025\/01\/cropped-boselli-licitacoes-so-marca-100.png\",\"width\":295,\"height\":100,\"caption\":\"Boselli Consultoria\"},\"image\":{\"@id\":\"https:\/\/boselli.com.br\/#\/schema\/logo\/image\/\"}}]}<\/script>\n<!-- \/ Yoast SEO plugin. -->","yoast_head_json":{"title":"Sobre N\u00f3s - Boselli Licita\u00e7\u00f5es","robots":{"index":"index","follow":"follow","max-snippet":"max-snippet:-1","max-image-preview":"max-image-preview:large","max-video-preview":"max-video-preview:-1"},"canonical":"https:\/\/boselli.com.br\/sobre-nos\/","og_locale":"pt_BR","og_type":"article","og_title":"Sobre N\u00f3s - Boselli Licita\u00e7\u00f5es","og_description":"Expertise Mais de 30 anos de experi\u00eancia Destaque Trabalhos desenvolvidos com \u00e9tica, seriedade e compet\u00eancia Atualiza\u00e7\u00e3o Atendimento de alto-padr\u00e3o t\u00e9cnico Boselli Licita\u00e7\u00f5es Desde 1993, ajudamos empresas privadas e \u00f3rg\u00e3os p\u00fablicos a atuar com seguran\u00e7a pelo universo das licita\u00e7\u00f5es e contratos administrativos. Nossa hist\u00f3ria foi baseada na experi\u00eancia do professor Paulo Boselli, que identificou a oportunidade [&hellip;]","og_url":"https:\/\/boselli.com.br\/sobre-nos\/","og_site_name":"Boselli Licita\u00e7\u00f5es","article_modified_time":"2025-02-17T12:33:18+00:00","og_image":[{"width":1243,"height":829,"url":"https:\/\/boselli.com.br\/site\/wp-content\/uploads\/2025\/02\/felipe-boselli-paulo-boselli-elaine-boselli-boselli-consultoria-licitacao-1.jpg","type":"image\/jpeg"}],"twitter_card":"summary_large_image","twitter_misc":{"Est. tempo de leitura":"2 minutos"},"schema":{"@context":"https:\/\/schema.org","@graph":[{"@type":"WebPage","@id":"https:\/\/boselli.com.br\/sobre-nos\/","url":"https:\/\/boselli.com.br\/sobre-nos\/","name":"Sobre N\u00f3s - Boselli Licita\u00e7\u00f5es","isPartOf":{"@id":"https:\/\/boselli.com.br\/#website"},"primaryImageOfPage":{"@id":"https:\/\/boselli.com.br\/sobre-nos\/#primaryimage"},"image":{"@id":"https:\/\/boselli.com.br\/sobre-nos\/#primaryimage"},"thumbnailUrl":"https:\/\/boselli.com.br\/site\/wp-content\/uploads\/2025\/02\/felipe-boselli-paulo-boselli-elaine-boselli-boselli-consultoria-licitacao-1.jpg","datePublished":"2025-01-22T14:11:01+00:00","dateModified":"2025-02-17T12:33:18+00:00","breadcrumb":{"@id":"https:\/\/boselli.com.br\/sobre-nos\/#breadcrumb"},"inLanguage":"pt-BR","potentialAction":[{"@type":"ReadAction","target":["https:\/\/boselli.com.br\/sobre-nos\/"]}]},{"@type":"ImageObject","inLanguage":"pt-BR","@id":"https:\/\/boselli.com.br\/sobre-nos\/#primaryimage","url":"https:\/\/boselli.com.br\/site\/wp-content\/uploads\/2025\/02\/felipe-boselli-paulo-boselli-elaine-boselli-boselli-consultoria-licitacao-1.jpg","contentUrl":"https:\/\/boselli.com.br\/site\/wp-content\/uploads\/2025\/02\/felipe-boselli-paulo-boselli-elaine-boselli-boselli-consultoria-licitacao-1.jpg","width":1243,"height":829},{"@type":"BreadcrumbList","@id":"https:\/\/boselli.com.br\/sobre-nos\/#breadcrumb","itemListElement":[{"@type":"ListItem","position":1,"name":"In\u00edcio","item":"https:\/\/boselli.com.br\/"},{"@type":"ListItem","position":2,"name":"Sobre N\u00f3s"}]},{"@type":"WebSite","@id":"https:\/\/boselli.com.br\/#website","url":"https:\/\/boselli.com.br\/","name":"Boselli Licita\u00e7\u00f5es","description":"","publisher":{"@id":"https:\/\/boselli.com.br\/#organization"},"potentialAction":[{"@type":"SearchAction","target":{"@type":"EntryPoint","urlTemplate":"https:\/\/boselli.com.br\/?s={search_term_string}"},"query-input":{"@type":"PropertyValueSpecification","valueRequired":true,"valueName":"search_term_string"}}],"inLanguage":"pt-BR"},{"@type":"Organization","@id":"https:\/\/boselli.com.br\/#organization","name":"Boselli Consultoria","url":"https:\/\/boselli.com.br\/","logo":{"@type":"ImageObject","inLanguage":"pt-BR","@id":"https:\/\/boselli.com.br\/#\/schema\/logo\/image\/","url":"https:\/\/boselli.com.br\/site\/wp-content\/uploads\/2025\/01\/cropped-boselli-licitacoes-so-marca-100.png","contentUrl":"https:\/\/boselli.com.br\/site\/wp-content\/uploads\/2025\/01\/cropped-boselli-licitacoes-so-marca-100.png","width":295,"height":100,"caption":"Boselli Consultoria"},"image":{"@id":"https:\/\/boselli.com.br\/#\/schema\/logo\/image\/"}}]}},"_links":{"self":[{"href":"https:\/\/boselli.com.br\/site\/wp-json\/wp\/v2\/pages\/30958","targetHints":{"allow":["GET"]}}],"collection":[{"href":"https:\/\/boselli.com.br\/site\/wp-json\/wp\/v2\/pages"}],"about":[{"href":"https:\/\/boselli.com.br\/site\/wp-json\/wp\/v2\/types\/page"}],"author":[{"embeddable":true,"href":"https:\/\/boselli.com.br\/site\/wp-json\/wp\/v2\/users\/4"}],"replies":[{"embeddable":true,"href":"https:\/\/boselli.com.br\/site\/wp-json\/wp\/v2\/comments?post=30958"}],"version-history":[{"count":195,"href":"https:\/\/boselli.com.br\/site\/wp-json\/wp\/v2\/pages\/30958\/revisions"}],"predecessor-version":[{"id":35110,"href":"https:\/\/boselli.com.br\/site\/wp-json\/wp\/v2\/pages\/30958\/revisions\/35110"}],"wp:featuredmedia":[{"embeddable":true,"href":"https:\/\/boselli.com.br\/site\/wp-json\/wp\/v2\/media\/34334"}],"wp:attachment":[{"href":"https:\/\/boselli.com.br\/site\/wp-json\/wp\/v2\/media?parent=30958"}],"wp:term":[{"taxonomy":"category","embeddable":true,"href":"https:\/\/boselli.com.br\/site\/wp-json\/wp\/v2\/categories?post=30958"},{"taxonomy":"post_tag","embeddable":true,"href":"https:\/\/boselli.com.br\/site\/wp-json\/wp\/v2\/tags?post=30958"}],"curies":[{"name":"wp","href":"https:\/\/api.w.org\/{rel}","templated":true}]}}